{"id":35,"date":"2025-10-26T15:42:34","date_gmt":"2025-10-26T15:42:34","guid":{"rendered":"https:\/\/c-v-z.de\/?page_id=35"},"modified":"2025-11-11T18:35:04","modified_gmt":"2025-11-11T18:35:04","slug":"historie","status":"publish","type":"page","link":"https:\/\/c-v-z.de\/index.php\/historie\/","title":{"rendered":"Historie"},"content":{"rendered":"\n<figure class=\"wp-block-image size-full\"><img fetchpriority=\"high\" decoding=\"async\" width=\"1024\" height=\"642\" src=\"https:\/\/c-v-z.de\/wp-content\/uploads\/2025\/11\/Gruenderzeit-1024x642-1.jpg\" alt=\"\" class=\"wp-image-87\" srcset=\"https:\/\/c-v-z.de\/wp-content\/uploads\/2025\/11\/Gruenderzeit-1024x642-1.jpg 1024w, https:\/\/c-v-z.de\/wp-content\/uploads\/2025\/11\/Gruenderzeit-1024x642-1-300x188.jpg 300w, https:\/\/c-v-z.de\/wp-content\/uploads\/2025\/11\/Gruenderzeit-1024x642-1-768x482.jpg 768w\" sizes=\"(max-width: 1024px) 100vw, 1024px\" \/><figcaption class=\"wp-element-caption\">Das carnevalistische Brauchtum in Zornheim wird seit 1931 vom Carneval-Verein Zornheim gepflegt.<\/figcaption><\/figure>\n\n\n\n<p>Aus \u00e4lteren m\u00fcndlichen Erz\u00e4hlungen geht hervor, dass bereits ein Carneval-Verein zwischen 1895 und 1898 existierte. Dieser Verein hielt seine Veranstaltungen (Maskenb\u00e4lle, Kappensitzungen) im Tanzsaal der Gastst\u00e4tte Heinrich Michel in der Graugasse ab. Aufgrund inneren und \u00e4u\u00dferen politischen Gegens\u00e4tzen l\u00f6ste sich der Verein 1898 auf.<\/p>\n\n\n\n<p>In den folgenden 30 Jahren wurde die Zornheimer Fastnacht von der Freiwilligen Feuerwehr Zornheim durchgef\u00fchrt. Sie veranstaltete einen Maskenball und den am Fastnachtdienstag stattfindenden Lumpenball. Erst 1928 wurde die erste Kappensitzung im Saal der Gastwirtschaft Knu\u00dfmann (Euleffstrasse) mit Verzicht auf den Lumpenball abgehalten. Die Zornheimer Fastnacht fand st\u00e4ndig wachsenden Zuspruch.<\/p>\n\n\n\n<p>So war es nicht verwunderlich, dass am darauffolgenden Sonntag nach Aschermittwoch im Jahr 1931, von 8 jungen Zornheimern in der Gastst\u00e4tte Knu\u00dfmann die Idee geboren wurde, einen Carneval-Verein zu gr\u00fcnden. Mit einem Handschlag und Treueschwur besiegelte man das Vorhaben. Am n\u00e4chsten Tag wurden die Vereinsstatuten festgelegt und die Gr\u00fcndung unterschrieben.<\/p>\n\n\n\n<p>Diese 8 Gr\u00fcndungsmitglieder waren:<\/p>\n\n\n\n<p>Berz, August&nbsp;&nbsp; &nbsp;&nbsp;&nbsp;&nbsp;&nbsp;&nbsp; Becker, Heinrich<\/p>\n\n\n\n<p>Becker, Karl&nbsp;&nbsp;&nbsp;&nbsp;&nbsp;&nbsp;&nbsp;&nbsp;&nbsp; Gl\u00e4ser, Fritz<\/p>\n\n\n\n<p>&nbsp;Knu\u00dfmann, Georg&nbsp;&nbsp;&nbsp;&nbsp;&nbsp;&nbsp;&nbsp;&nbsp;&nbsp; Kneib, Heinrich V.<\/p>\n\n\n\n<p>Kneib, Heinrich VII. &nbsp;&nbsp;&nbsp;&nbsp;&nbsp;&nbsp;&nbsp;&nbsp; Wei\u00df, Josef<\/p>\n\n\n\n<p>Im Gr\u00fcndungsjahr sind ebenfalls noch beigetreten:<\/p>\n\n\n\n<p>Gl\u00e4ser, Georg &nbsp;&nbsp;&nbsp;&nbsp;&nbsp;&nbsp;&nbsp;&nbsp; Hammer, Joh-Baptist &nbsp;&nbsp;&nbsp;&nbsp;&nbsp;&nbsp;&nbsp;&nbsp; Maus, Joh. I.<\/p>\n\n\n\n<p>Maus, Joh. II. &nbsp;&nbsp;&nbsp;&nbsp;&nbsp;&nbsp;&nbsp;&nbsp; Knu\u00dfmann, Georg sen. &nbsp;&nbsp;&nbsp;&nbsp;&nbsp;&nbsp;&nbsp;&nbsp; Plattner, Karl&nbsp;&nbsp;&nbsp;&nbsp;<\/p>\n\n\n\n<p>Raaf, Jakob &nbsp;&nbsp;&nbsp;&nbsp;&nbsp;&nbsp;&nbsp;&nbsp; Sieben, Otto &nbsp;&nbsp;&nbsp;&nbsp;&nbsp;&nbsp;&nbsp;&nbsp; Schreiber, Georg Trapp, Josef<\/p>\n\n\n\n<p>Die erste Kost\u00fcmsitzung fand bereits im selben Jahr am 11.11. im Tanzsaal \u201eKnu\u00dfmann\u201c statt. Die Resonanz dieser Sitzung war enorm. Der neu-gegr\u00fcndete Carneval-Verein fand seine Existenzberechtigung f\u00fcr die folgenden Jahre.<\/p>\n\n\n\n<p>Zahlreiche Maskenb\u00e4lle und Kost\u00fcmsitzungen wurden bis zum Beginn des 2. Weltkrieges 1939 abgehalten. W\u00e4hrend den Kriegsjahren ruhte die Vereinst\u00e4tigkeit.<\/p>\n\n\n\n<p>Auf Dr\u00e4ngen ausgebombter, in Zornheim aufgenommenen, Mainzer Carnevalisten wurde 1946 wieder eine Prunksitzung veranstaltet. Diese Sitzung wurde im ganzen Umkreis bekannt.<\/p>\n\n\n\n<p>In den folgenden Jahren erlebte der CVZ einen gl\u00e4nzenden Aufstieg und feierte 1956 sein 25-j\u00e4hriges Bestehen vor einer gro\u00dfen Kulisse.<\/p>\n\n\n\n<p>Von 1957 an veranstaltete der Verein wechselnd zwischen dem Saal Deister und Knu\u00dfmann seine Veranstaltungen.<\/p>\n\n\n\n<p>Auf der Generalversammlung am 16.11.1960 wurde ein neues St\u00fcck Vereinsgeschichte geschrieben. Erstmals wurde ein Antrag von Frauen bewilligt, dass sie Mitglied im Verein werden k\u00f6nnen.<\/p>\n\n\n\n<p>Mitte der 60er Jahre besann sich der CVZ wieder, zu \u00e4lteren Traditionen zur\u00fcckzukehren und veranstaltete einen Umzug durch die Ortsstra\u00dfen. Dieser Umzug erfreut sich bis heute gro\u00dfer Beliebtheit und ist auch der Verdienst der Zornheimer Vereine, die den CVZ somit aktiv unterst\u00fctzen.<\/p>\n\n\n\n<p>1976 konnte leider keine Sitzung abgehalten werden, da sich kein geeigneter Saal zum Abhalten finden lie\u00df. Die Freiwillige Feuerwehr stellte f\u00fcr den Lumpenball ihr Ger\u00e4tehaus zur Verf\u00fcgung. Seit der Kampagne 1977 h\u00e4lt der Verein alle Veranstaltungen in der Turn- und Festhalle ab.<\/p>\n\n\n\n<p>Ein gro\u00dfes Ereignis f\u00fcr den Verein war im Jahr 1981. Er feierte p\u00fcnktlich zum Kampagnenauftakt 1980\/1981 sein 50-j\u00e4hriges Bestehen in der Turn- und Festhalle. Unter dem damaligen Hauptvorstand [Heinz Trapp (1.Vors), Hans Ryter (2.Vors), Helmut Sieben (Kassierer), Hermann Lutz (Schriftf\u00fchrer)] wurde ein mehrt\u00e4giges Fest organisiert.<\/p>\n\n\n\n<p>Der nur schlecht besuchte Bunte Abend schmerzte so sehr in der Vereinskasse, da\u00df nur durch eine Spendensammlung das Minus auf Null ausgeglichen werden konnte.<\/p>\n\n\n\n<p>1986 wurde die erste Vereinsfahne zum 55-j\u00e4hrigen Bestehen des Vereins geweiht. Das Motto des Vereins \u201eBunte Kappen, bunte B\u00e4nder \u2013 der CVZ als Freudenspender\u201c, von Jakob Darmstadt kreiert, ist in ihr eingestickt.<\/p>\n\n\n\n<p>Das 60\u00b4er Jubil\u00e4um sollte eigentlich in der Fastnachtszeit stattfinden, doch durch die angespannte Situation w\u00e4hrend des Golfkrieges wurde die Fastnacht bundesweit abgesagt. Der CVZ holte die Jubil\u00e4umssitzung am 15. November im selben Jahr nach. Auch stellte der Verein ein eigenes Prinzenpaar mit \u201ePrinz\u201c Albrecht Berger und \u201ePrinzessin\u201c Herbert Schreiber auf die Beine. Das n\u00e4rrische Gefolge wurde aus den aktiven Reihen des Vereins gestellt.<\/p>\n\n\n\n<p>1993 stellten Heinz Trapp nach 22 Jahren 1. Vorsitzender und Helmut Sieben nach 20 Jahren 1. Kassierer ihre \u00c4mter zur Verf\u00fcgung und wurden zum Ehrenvorsitzenden, bzw. Ehrenmitglied ernannt. 1999 wurde Helmut Trapp nach \u00fcber 25 Jahren Sitzungspr\u00e4sident zum Ehrensitzungspr\u00e4sident ernannt.<\/p>\n\n\n\n<p>Das 70-j\u00e4hrige Jubil\u00e4um wurde im Jahr 2001 unter dem Motto \u201eEs tanzt die ganze Narrenschar \u2013 Der CVZ wird 70 Jahr\u00b4\u201c in der Mehrzweckhalle Zornheim gefeiert.<\/p>\n\n\n\n<p>Der Carneval-Verein Zornheim mit seinen 350 Mitgliedern schaut hoffnungsvoll in die Zukunft, um auch in den n\u00e4chsten Jahren das n\u00e4rrische Brauchtum zu pflegen und mit Witz und Humor Freude zu spenden.<\/p>\n\n\n\n<p>R\u00fcdiger Trapp (1. Vorsitzender)<\/p>\n","protected":false},"excerpt":{"rendered":"<p>Aus \u00e4lteren m\u00fcndlichen Erz\u00e4hlungen geht hervor, dass bereits ein Carneval-Verein zwischen 1895 und 1898 existierte. Dieser Verein hielt seine Veranstaltungen (Maskenb\u00e4lle, Kappensitzungen) im Tanzsaal der Gastst\u00e4tte Heinrich Michel in der Graugasse ab. Aufgrund inneren und \u00e4u\u00dferen politischen Gegens\u00e4tzen l\u00f6ste sich der Verein 1898 auf. In den folgenden 30 Jahren wurde die Zornheimer Fastnacht von der [&hellip;]<\/p>\n","protected":false},"author":2,"featured_media":0,"parent":0,"menu_order":0,"comment_status":"closed","ping_status":"closed","template":"","meta":{"footnotes":""},"class_list":["post-35","page","type-page","status-publish","hentry"],"yoast_head":"<!-- This site is optimized with the Yoast SEO plugin v26.3 - https:\/\/yoast.com\/wordpress\/plugins\/seo\/ -->\n<title>Historie - Carneval-Verein Zornheim 1931 e.V.<\/title>\n<meta name=\"robots\" content=\"index, follow, max-snippet:-1, max-image-preview:large, max-video-preview:-1\" \/>\n<link rel=\"canonical\" href=\"https:\/\/c-v-z.de\/index.php\/historie\/\" \/>\n<meta property=\"og:locale\" content=\"de_DE\" \/>\n<meta property=\"og:type\" content=\"article\" \/>\n<meta property=\"og:title\" content=\"Historie - Carneval-Verein Zornheim 1931 e.V.\" \/>\n<meta property=\"og:description\" content=\"Aus \u00e4lteren m\u00fcndlichen Erz\u00e4hlungen geht hervor, dass bereits ein Carneval-Verein zwischen 1895 und 1898 existierte. Dieser Verein hielt seine Veranstaltungen (Maskenb\u00e4lle, Kappensitzungen) im Tanzsaal der Gastst\u00e4tte Heinrich Michel in der Graugasse ab. Aufgrund inneren und \u00e4u\u00dferen politischen Gegens\u00e4tzen l\u00f6ste sich der Verein 1898 auf. In den folgenden 30 Jahren wurde die Zornheimer Fastnacht von der [&hellip;]\" \/>\n<meta property=\"og:url\" content=\"https:\/\/c-v-z.de\/index.php\/historie\/\" \/>\n<meta property=\"og:site_name\" content=\"Carneval-Verein Zornheim 1931 e.V.\" \/>\n<meta property=\"article:modified_time\" content=\"2025-11-11T18:35:04+00:00\" \/>\n<meta property=\"og:image\" content=\"https:\/\/c-v-z.de\/wp-content\/uploads\/2025\/11\/Gruenderzeit-1024x642-1.jpg\" \/>\n\t<meta property=\"og:image:width\" content=\"1024\" \/>\n\t<meta property=\"og:image:height\" content=\"642\" \/>\n\t<meta property=\"og:image:type\" content=\"image\/jpeg\" \/>\n<meta name=\"twitter:card\" content=\"summary_large_image\" \/>\n<script type=\"application\/ld+json\" class=\"yoast-schema-graph\">{\"@context\":\"https:\/\/schema.org\",\"@graph\":[{\"@type\":\"WebPage\",\"@id\":\"https:\/\/c-v-z.de\/index.php\/historie\/\",\"url\":\"https:\/\/c-v-z.de\/index.php\/historie\/\",\"name\":\"Historie - Carneval-Verein Zornheim 1931 e.V.\",\"isPartOf\":{\"@id\":\"https:\/\/c-v-z.de\/#website\"},\"primaryImageOfPage\":{\"@id\":\"https:\/\/c-v-z.de\/index.php\/historie\/#primaryimage\"},\"image\":{\"@id\":\"https:\/\/c-v-z.de\/index.php\/historie\/#primaryimage\"},\"thumbnailUrl\":\"https:\/\/c-v-z.de\/wp-content\/uploads\/2025\/11\/Gruenderzeit-1024x642-1.jpg\",\"datePublished\":\"2025-10-26T15:42:34+00:00\",\"dateModified\":\"2025-11-11T18:35:04+00:00\",\"breadcrumb\":{\"@id\":\"https:\/\/c-v-z.de\/index.php\/historie\/#breadcrumb\"},\"inLanguage\":\"de\",\"potentialAction\":[{\"@type\":\"ReadAction\",\"target\":[\"https:\/\/c-v-z.de\/index.php\/historie\/\"]}]},{\"@type\":\"ImageObject\",\"inLanguage\":\"de\",\"@id\":\"https:\/\/c-v-z.de\/index.php\/historie\/#primaryimage\",\"url\":\"https:\/\/c-v-z.de\/wp-content\/uploads\/2025\/11\/Gruenderzeit-1024x642-1.jpg\",\"contentUrl\":\"https:\/\/c-v-z.de\/wp-content\/uploads\/2025\/11\/Gruenderzeit-1024x642-1.jpg\",\"width\":1024,\"height\":642},{\"@type\":\"BreadcrumbList\",\"@id\":\"https:\/\/c-v-z.de\/index.php\/historie\/#breadcrumb\",\"itemListElement\":[{\"@type\":\"ListItem\",\"position\":1,\"name\":\"Startseite\",\"item\":\"https:\/\/c-v-z.de\/\"},{\"@type\":\"ListItem\",\"position\":2,\"name\":\"Historie\"}]},{\"@type\":\"WebSite\",\"@id\":\"https:\/\/c-v-z.de\/#website\",\"url\":\"https:\/\/c-v-z.de\/\",\"name\":\"Carneval-Verein Zornheim 1931 e.V.\",\"description\":\"\",\"publisher\":{\"@id\":\"https:\/\/c-v-z.de\/#organization\"},\"potentialAction\":[{\"@type\":\"SearchAction\",\"target\":{\"@type\":\"EntryPoint\",\"urlTemplate\":\"https:\/\/c-v-z.de\/?s={search_term_string}\"},\"query-input\":{\"@type\":\"PropertyValueSpecification\",\"valueRequired\":true,\"valueName\":\"search_term_string\"}}],\"inLanguage\":\"de\"},{\"@type\":\"Organization\",\"@id\":\"https:\/\/c-v-z.de\/#organization\",\"name\":\"Carneval-Verein Zornheim 1931 e.V.\",\"url\":\"https:\/\/c-v-z.de\/\",\"logo\":{\"@type\":\"ImageObject\",\"inLanguage\":\"de\",\"@id\":\"https:\/\/c-v-z.de\/#\/schema\/logo\/image\/\",\"url\":\"https:\/\/c-v-z.de\/wp-content\/uploads\/2025\/10\/Carneval-Verein-Zornheim.png\",\"contentUrl\":\"https:\/\/c-v-z.de\/wp-content\/uploads\/2025\/10\/Carneval-Verein-Zornheim.png\",\"width\":1200,\"height\":1000,\"caption\":\"Carneval-Verein Zornheim 1931 e.V.\"},\"image\":{\"@id\":\"https:\/\/c-v-z.de\/#\/schema\/logo\/image\/\"}}]}<\/script>\n<!-- \/ Yoast SEO plugin. -->","yoast_head_json":{"title":"Historie - Carneval-Verein Zornheim 1931 e.V.","robots":{"index":"index","follow":"follow","max-snippet":"max-snippet:-1","max-image-preview":"max-image-preview:large","max-video-preview":"max-video-preview:-1"},"canonical":"https:\/\/c-v-z.de\/index.php\/historie\/","og_locale":"de_DE","og_type":"article","og_title":"Historie - Carneval-Verein Zornheim 1931 e.V.","og_description":"Aus \u00e4lteren m\u00fcndlichen Erz\u00e4hlungen geht hervor, dass bereits ein Carneval-Verein zwischen 1895 und 1898 existierte. Dieser Verein hielt seine Veranstaltungen (Maskenb\u00e4lle, Kappensitzungen) im Tanzsaal der Gastst\u00e4tte Heinrich Michel in der Graugasse ab. Aufgrund inneren und \u00e4u\u00dferen politischen Gegens\u00e4tzen l\u00f6ste sich der Verein 1898 auf. In den folgenden 30 Jahren wurde die Zornheimer Fastnacht von der [&hellip;]","og_url":"https:\/\/c-v-z.de\/index.php\/historie\/","og_site_name":"Carneval-Verein Zornheim 1931 e.V.","article_modified_time":"2025-11-11T18:35:04+00:00","og_image":[{"width":1024,"height":642,"url":"https:\/\/c-v-z.de\/wp-content\/uploads\/2025\/11\/Gruenderzeit-1024x642-1.jpg","type":"image\/jpeg"}],"twitter_card":"summary_large_image","schema":{"@context":"https:\/\/schema.org","@graph":[{"@type":"WebPage","@id":"https:\/\/c-v-z.de\/index.php\/historie\/","url":"https:\/\/c-v-z.de\/index.php\/historie\/","name":"Historie - Carneval-Verein Zornheim 1931 e.V.","isPartOf":{"@id":"https:\/\/c-v-z.de\/#website"},"primaryImageOfPage":{"@id":"https:\/\/c-v-z.de\/index.php\/historie\/#primaryimage"},"image":{"@id":"https:\/\/c-v-z.de\/index.php\/historie\/#primaryimage"},"thumbnailUrl":"https:\/\/c-v-z.de\/wp-content\/uploads\/2025\/11\/Gruenderzeit-1024x642-1.jpg","datePublished":"2025-10-26T15:42:34+00:00","dateModified":"2025-11-11T18:35:04+00:00","breadcrumb":{"@id":"https:\/\/c-v-z.de\/index.php\/historie\/#breadcrumb"},"inLanguage":"de","potentialAction":[{"@type":"ReadAction","target":["https:\/\/c-v-z.de\/index.php\/historie\/"]}]},{"@type":"ImageObject","inLanguage":"de","@id":"https:\/\/c-v-z.de\/index.php\/historie\/#primaryimage","url":"https:\/\/c-v-z.de\/wp-content\/uploads\/2025\/11\/Gruenderzeit-1024x642-1.jpg","contentUrl":"https:\/\/c-v-z.de\/wp-content\/uploads\/2025\/11\/Gruenderzeit-1024x642-1.jpg","width":1024,"height":642},{"@type":"BreadcrumbList","@id":"https:\/\/c-v-z.de\/index.php\/historie\/#breadcrumb","itemListElement":[{"@type":"ListItem","position":1,"name":"Startseite","item":"https:\/\/c-v-z.de\/"},{"@type":"ListItem","position":2,"name":"Historie"}]},{"@type":"WebSite","@id":"https:\/\/c-v-z.de\/#website","url":"https:\/\/c-v-z.de\/","name":"Carneval-Verein Zornheim 1931 e.V.","description":"","publisher":{"@id":"https:\/\/c-v-z.de\/#organization"},"potentialAction":[{"@type":"SearchAction","target":{"@type":"EntryPoint","urlTemplate":"https:\/\/c-v-z.de\/?s={search_term_string}"},"query-input":{"@type":"PropertyValueSpecification","valueRequired":true,"valueName":"search_term_string"}}],"inLanguage":"de"},{"@type":"Organization","@id":"https:\/\/c-v-z.de\/#organization","name":"Carneval-Verein Zornheim 1931 e.V.","url":"https:\/\/c-v-z.de\/","logo":{"@type":"ImageObject","inLanguage":"de","@id":"https:\/\/c-v-z.de\/#\/schema\/logo\/image\/","url":"https:\/\/c-v-z.de\/wp-content\/uploads\/2025\/10\/Carneval-Verein-Zornheim.png","contentUrl":"https:\/\/c-v-z.de\/wp-content\/uploads\/2025\/10\/Carneval-Verein-Zornheim.png","width":1200,"height":1000,"caption":"Carneval-Verein Zornheim 1931 e.V."},"image":{"@id":"https:\/\/c-v-z.de\/#\/schema\/logo\/image\/"}}]}},"_links":{"self":[{"href":"https:\/\/c-v-z.de\/index.php\/wp-json\/wp\/v2\/pages\/35","targetHints":{"allow":["GET"]}}],"collection":[{"href":"https:\/\/c-v-z.de\/index.php\/wp-json\/wp\/v2\/pages"}],"about":[{"href":"https:\/\/c-v-z.de\/index.php\/wp-json\/wp\/v2\/types\/page"}],"author":[{"embeddable":true,"href":"https:\/\/c-v-z.de\/index.php\/wp-json\/wp\/v2\/users\/2"}],"replies":[{"embeddable":true,"href":"https:\/\/c-v-z.de\/index.php\/wp-json\/wp\/v2\/comments?post=35"}],"version-history":[{"count":6,"href":"https:\/\/c-v-z.de\/index.php\/wp-json\/wp\/v2\/pages\/35\/revisions"}],"predecessor-version":[{"id":194,"href":"https:\/\/c-v-z.de\/index.php\/wp-json\/wp\/v2\/pages\/35\/revisions\/194"}],"wp:attachment":[{"href":"https:\/\/c-v-z.de\/index.php\/wp-json\/wp\/v2\/media?parent=35"}],"curies":[{"name":"wp","href":"https:\/\/api.w.org\/{rel}","templated":true}]}}