{"id":29,"date":"2025-10-26T15:41:40","date_gmt":"2025-10-26T15:41:40","guid":{"rendered":"https:\/\/c-v-z.de\/?page_id=29"},"modified":"2026-04-15T08:13:19","modified_gmt":"2026-04-15T08:13:19","slug":"news","status":"publish","type":"page","link":"https:\/\/c-v-z.de\/index.php\/news\/","title":{"rendered":"News"},"content":{"rendered":"\n<h2 class=\"wp-block-heading\">Veranstaltungen der Kampagne 2025\/2026<\/h2>\n\n\n\n<details class=\"wp-block-details\"><summary><mark style=\"background-color:#fffc59\" class=\"has-inline-color is-layout-flow wp-block-details-is-layout-flow\">Kost\u00fcmsitzung<\/mark><\/summary>\n<p>Am Samstag war die Lindenplatzhalle bis auf den letzten Platz gef\u00fcllt. Der Carneval-Verein Zornheim setzte beim Programm bewusst auf die eigenen Leute und erg\u00e4nzte dieses mit hochkar\u00e4tigen Externen, wie Oliver Mager, Laura M\u00fcller, Andreas Schmitt, der Spa\u00dfmacher Company, Boris Feldmann, Frank Brunswig, Axel Zimmermann und den Eisb\u00e4ren. Das traditionelle Protokoll von Peter Trapp bot mit dem Gastauftritt und Abschied von VG B\u00fcrgermeister Ralph Spiegler emotionale Momente. Gesanglich nahmen die \u201eZornheimer Rittersleut\u201c das Ortsgeschehen aufs Korn und Bernd Hainke und J\u00f6rg H\u00fcrster diskutierten als altes und neues Logo pointiert \u00fcber unvermeidliche Ver\u00e4nderungen, bevor CVZ-Redner Thomas Schumacher das Publikum zum Lachen brachte. Im Anschluss nahmen die \u201eCVZ Schnugggelcher\u201c die G\u00e4ste mit ihrem Tanz unter dem Motto \u201eMary Poppins\u201c mit einem L\u00f6ffelchen voll Zucker mit in eine Fantasiewelt. Mit viel Bewegung und Akrobatik vertanzte die \u201eCVZ Linden Crew\u201c, hervorgegangen aus den ehemaligen \u201eFashions\u201c, als gemischte Showtanzgruppe Hits der 80er-Jahre und die \u201eHandwerker\u201c, das Tanzgr\u00fcppchen des CVZ, inszenierten als Panzerknacker einen mitrei\u00dfenden Raubzug. Viele N\u00e4rrinnen und Narrhallesen feierten sp\u00e4ter noch ausgelassen in der Sektbar weiter.<\/p>\n<\/details>\n\n\n\n<details class=\"wp-block-details\"><summary><mark style=\"background-color:#ff4d4d\" class=\"has-inline-color is-layout-flow wp-block-details-is-layout-flow\">Kindersitzung<\/mark><\/summary>\n<p>Am darauffolgenden Sonntag bot die Kindersitzung des CVZ dem jungen Publikum ein abwechslungsreiches Programm aus Tanz, Musik und Humor, erg\u00e4nzt durch ein reichhaltiges Kuchenbuffet, Gummib\u00e4rchenspie\u00dfe und eine Tombola. Vier vereinsinterne Kinder- und Jugendtanzgruppen sorgten mit ihren beeindruckenden Auftritten f\u00fcr beste Stimmung und ernteten tosenden Applaus aus dem Publikum: Die \u201eDancing Diamonds\u201c entf\u00fchrten das Publikum bei der Er\u00f6ffnung der Sitzung in Alices Wunderland; die \u201eCVZ-Zwerge\u201c begeisterten als L\u00f6w:innen; die \u201eLittle Diamonds\u201c vertanzten die Elemente Feuer, Wasser, Erde und Luft und die \u201eMagic Diamonds\u201c nahmen das Publikum mit auf eine t\u00e4nzerische Reise um die Welt. Auch die beiden Zornheimer Kinderg\u00e4rten trugen mit einem gemeinsam einstudierten Tanz zur guten Laune \u201eoben, unten, rechts, links, vorne, hinten und \u00fcberall\u201c bei. Ein weiteres Highlight war der Vortrag von CVZ Nachwuchsredner Ben Schl\u00f6sser \u00fcber sein Leben als rebellischer Teenager. Zudem begeisterten drei Jugendtanzgruppen aus Nachbarorten mit ihren Choreografien und das Jugendorchester sorgte in der voll besetzten Halle f\u00fcr das musikalische Finale. Luc Schl\u00f6sser und Theresa Trapp f\u00fchrten, unterst\u00fctzt von Sebastian Trapp und Emma Matt, durch das Programm.<\/p>\n<\/details>\n\n\n\n<details class=\"wp-block-details\"><summary><mark style=\"background-color:#46aefd\" class=\"has-inline-color is-layout-flow wp-block-details-is-layout-flow\">Weibersitzung<\/mark><\/summary>\n<p>Am Altweiberdonnerstag fand beim CVZ die neunte Weibersitzung in der Lindenplatzhalle statt. \u00dcber 450 Damen kamen zusammen, um einen kurzweiligen Abend voller Wortwitz, Tanz und Gesang zu erleben. Fantasievolle und mit viel Liebe zum Detail gestaltete (Gruppen-)Kost\u00fcme pr\u00e4gten das Bild des Abends. Den Auftakt machte die Protokollerin Nina Klinkel, die mit scharfem Blick auf das vergangene Geschehen f\u00fcr die ersten Lacher sorgte. Anschlie\u00dfend brachte das hauseigene M\u00e4nnerballett, das \u201eTanzgr\u00fcppchen\u201c mit akrobatischen Hebefiguren und viel Selbstironie als Panzerknacker den Saal zum Beben. Das \u201eCouplet\u201c Alexander Kreisel und Christian Wohlert \u00fcbernahm danach die B\u00fchne, gefolgt von den Maingrazien, die das Publikum t\u00e4nzerisch mit nach Brasilien nahmen. Musikalisch setzten die Altrheingarde, Laura Heinz, die Humbas und \u201eDe Bub und Frau Schnuggelisch\u201c Akzente und der \u201eDeitsche Michel\u201c Bernhard Knab spitzte in seinem Vortrag gesellschaftliche Themen humorvoll zu. Der Tanzmajor Andre Klug begeisterte die Halle erneut mit seiner t\u00e4nzerischen Pr\u00e4zision bevor das M\u00e4nnerballett \u201eFirst Generation\u201c Italien nach Zornheim brachte. Nach dem Finale mit der \u201eSpa\u00dfmacher Company\u201c verlagerte sich das n\u00e4rrische Treiben kurz vor Mitternacht in die Sektbar.<\/p>\n<\/details>\n\n\n\n<details class=\"wp-block-details\"><summary><mark style=\"background-color:#fffb00;color:#111111\" class=\"has-inline-color is-layout-flow wp-block-details-is-layout-flow\">Spass uff de Gass<\/mark><\/summary>\n<p>Beim Fastnachtsdienstag in Zornheim zeigte sich das Wetter \u00fcberwiegend trocken, so dass sich der Umzug p\u00fcnktlich um 14.11 Uhr mit rund 20 Zugnummern in Bewegung setzen konnte. Entlang der Strecke s\u00e4umten zahlreiche Besucher:innen den Wegesrand, w\u00e4hrend von den Wagen und Fu\u00dfgruppen reichlich S\u00fc\u00dfigkeiten herabregneten. In diesem Jahr beteiligten sich unter anderem die Tanzgruppen des CVZ, ortsans\u00e4ssige Vereine und benachbarte Kooperationen. Erstmals bereicherten ein Motivwagen sowie die Spa\u00dfmacher Company den Zug und sorgten f\u00fcr neue Akzente. Nach dem Umzug \u00fcbernahmen die Musikfreunde Zornheim das Kommando auf dem Lindenplatz und spielten vor der Narrenschar. Im Anschluss verwandelte sich der Platz in eine Open-Air-B\u00fchne: Direkt vom Wagen der Spa\u00dfmacher Company aus folgte ein spontanes Freiluftkonzert. Mehrere Zugaben und anhaltender Applaus zeugten von der ausgelassenen Stimmung, bevor der Wagen schlie\u00dflich verabschiedet wurde. Bei Speis und Trank feierten Kinder und Erwachsene in der Lindenplatzhalle gemeinsam weiter, ehe ein DJ \u00fcbernahm und die Fastnacht mit Tanz und ausgelassener Stimmung bis sp\u00e4t in den Abend ausklingen lie\u00df. Unser Dank gilt allen Besucher:innen und Helfer:innen, die diese Kampagne erm\u00f6glicht haben!<\/p>\n<\/details>\n\n\n\n<hr class=\"wp-block-separator has-alpha-channel-opacity\"\/>\n\n\n\n<h2 class=\"wp-block-heading\">Weitere Termine au\u00dferhalb der Kampagne<\/h2>\n\n\n\n<details class=\"wp-block-details\"><summary><mark style=\"background-color:#ff4d4d\" class=\"has-inline-color is-layout-flow wp-block-details-is-layout-flow\">Ausschank am Weinpavillon<\/mark><\/summary>\n<p>Am letzten Juni Wochenende hat der CVZ den Weinausschank am Weinpavillon \u00fcbernommen. Trotz sengender Hitze wurden die Weine vom Weingut Schittler-Becker, die selbstgemachten Pizzaschnecken, sowie das Special \u201eWeck, Worscht unn Woi\u201c gut angenommen.<\/p>\n<\/details>\n\n\n\n<details class=\"wp-block-details\"><summary><mark style=\"background-color:#46aefd;color:#111111\" class=\"has-inline-color is-layout-flow wp-block-details-is-layout-flow\">4-Tages-Ausflug ins Altm\u00fchltal<\/mark><\/summary>\n<p>50 Mitglieder des CVZ waren im Juli vier Tage im Altm\u00fchltal unterwegs. Das Wetter war durchgehend so gut, dass die Kinder sogar in mehreren Seen baden konnten. Am Donnerstag ging es morgens Fr\u00fch mit Staab Reisen los. Unterwegs gab\u2019s eine traditionell rheinhessiche Picknickpause mit \u201eWeck, Worscht unn Woi\u201c und einen Stopp in Ansbach. Danach ging es weiter zum Landhotel Jurah\u00f6he in Wellheim. Am n\u00e4chsten Tag ging es nach dem Fr\u00fchst\u00fcck nach Kelheim. H\u00f6hepunkt war  die Schifffahrt (leider ohne Donaudurchbruch) und der Besuch des Kloster Weltenburg, inklusive Aufenthalt im Klosterbiergarten. Am Nachmittag Weiterfahrt nach Riedenburg, wo ein kleiner Teil der Gruppe das Kristallmuseum besucht hat und der Rest auf der Sommerrodelbahn\/Freizeitanlage Altm\u00fchlbob das gute Wetter genossen hat. Samstags stand ein Besuch der Walhalla am Vormittag und anschlie\u00dfend freie Zeit in Regensburg auf dem Programm. Die R\u00fcckfahrt am Sonntag verkn\u00fcpften wir mit einer Brauereif\u00fchrung in Spalt inkl. Bierprobe und Imbiss am Vormittag und einer Schifffahrt auf dem Gro\u00dfen Brombachsee mit Kaffee und Kuchen. Den Abschluss der Reise machten wir im Restaurant J\u00e4gerhof (Weibersbrunn). Tags\u00fcber gab es volle Programmpower, abends sa\u00dfen wir zusammen im Hotel mit gemeinsamen Essen, Karten- und W\u00fcrfelrunden, guten Gespr\u00e4che und dem ein oder anderen Kaltgetr\u00e4nk. So soll ein Vereinsausflug sein \u2013 und genau so machen wir\u2019s wieder.<\/p>\n<\/details>\n\n\n\n<hr class=\"wp-block-separator has-alpha-channel-opacity\"\/>\n\n\n\n<h2 class=\"wp-block-heading\">Veranstaltungen der Kampagne 2024\/2025<\/h2>\n\n\n\n<details class=\"wp-block-details\"><summary><mark style=\"background-color:#ff4d4d\" class=\"has-inline-color is-layout-flow wp-block-details-is-layout-flow\">Auftakt<\/mark><\/summary>\n<p>Am 16.11.2024 begann f\u00fcr den CVZ die Kampagne 2024\/2025 mit dem traditionellen Kampagnenauftakt, diesmal im Nebenraum der Lindenplatzhalle. Einige Mitglieder sorgten mit Programmpunkten und Spielen f\u00fcr einen kurzweiligen Abend.<\/p>\n<\/details>\n\n\n\n<details class=\"wp-block-details\"><summary><mark style=\"background-color:#46aefd\" class=\"has-inline-color is-layout-flow wp-block-details-is-layout-flow\">Ordensverleih<\/mark><\/summary>\n<p>Am ersten Sonntag im neuen Jahr 2025 fand der j\u00e4hrliche Ordensverleih im Ratssaal der Gemeinde statt. Die Narren des CVZ, unterst\u00fctzt von Abordnungen befreundeter Fastnachtsvereine und den Zornheimer Vereinsvorsitzenden st\u00fcrmten das Rathaus, um den Schl\u00fcssel des Geb\u00e4udes zu erobern. Alle versammelten sich vor dem Rathaus und baten B\u00fcrgermeister Ralf Winter um die Herausgabe des Schl\u00fcssels, was dieser zun\u00e4chst verweigerte. Die Anwesenden st\u00fcrmten daraufhin den Ratssaal. Danach begr\u00fc\u00dfte der Sitzungspr\u00e4sident die Narren mit dem diesj\u00e4hrigen Motto \u201eFrischer Wind im alten Ort bl\u00e4st den CVZ nicht fort!\u201c, welches aus der Feder von Vorstandsmitglied Anita Lehn stammte. Bei der Ordensvorstellung wurde der Hausorden, welcher von Anita Lehn und Claudia Seeger entworfen wurde, pr\u00e4sentiert. Er stellt die Kirche mit einer pustenden Wolke dar. Anschlie\u00dfend fand die Ehrung von Mitgliedern statt von denen einige schon Jahrzehnte Bestandteil des Vereins sind, um das n\u00e4rrische Brauchtum weiterhin zu pflegen. So ehrte der 1. Vorsitzende R\u00fcdiger Trapp Elke M\u00f6ller f\u00fcr 44 Jahre aktive Mitgliedschaft. Sie packt immer an, wo Hilfe ben\u00f6tigt wird und ist eine verl\u00e4ssliche Helferin in allen Lagen. F\u00fcr 33 Jahre Vereinsaktivit\u00e4t wurden Ellen Trapp, Eduard Berz und der ehemalige 1. Vorsitzende Frank Plattner mit einer silbernen Ehrennadel bedacht. Sie unterst\u00fctzen den Verein seit Jahrzehnten mit Rat und Tat. F\u00fcr ebenfalls 25 Jahre aktive Verbundenheit wurden Marion Plattner und Komiteemitglied Johannes Nauth geehrt. Eine W\u00fcrdigung f\u00fcr 50 Jahre Mitgliedschaft wurden Helga Schlegelmilch und Walter Binger zuteil. Die Urkunde f\u00fcr 25 Jahre Mitgliedschaft wurde an Nina Sieben, Stefan Schulz, Markus Kemler, Niklas Hainke, Siegfried Frank, sowie Alexandra, Thomas und Tim Kornow \u00fcberreicht. Danach verlieh die Beigeordnete der Verbandsgemeinde Nieder-Olm, Nina Klinkel den Ehrenorden der VG an Brigitte Kornow und Volker Schrumpf, die sich seit Jahrzehnten f\u00fcr den CVZ engagieren. Nach diesem Programmpunkt wurden alle geladenen G\u00e4ste nach vorne gebeten, um den Orden in Empfang zu nehmen. Beim einem Gl\u00e4schen Sekt und einem Imbiss verweilten die Anwesenden noch eine ganze Weile im fastnachtlich dekorierten Ratssaal.<\/p>\n<\/details>\n\n\n\n<details class=\"wp-block-details\"><summary><mark style=\"background-color:#fffc59\" class=\"has-inline-color is-layout-flow wp-block-details-is-layout-flow\">Kost\u00fcmsitzung<\/mark><\/summary>\n<p>Die erste Veranstaltung in der \u201ehei\u00dfen Phase\u201c war die Kost\u00fcmsitzung. Regiemeisterin Yvonne Schl\u00f6sser und die Regieassistenten Manuel Gsimbsl und Jonas Kindgen sorgten f\u00fcr den richtigen Programmablauf der ausverkauften Veranstaltung. Sitzungspr\u00e4sident J\u00fcrgen Trapp f\u00fchrte gekonnt durch das Programm. Hierbei standen besonders die vereinseigenen Gruppen und ortsans\u00e4ssigen Redner im Mittelpunkt. So entf\u00fchrten die \u201eSchnugggelcher\u201c als \u201eMaleficent\u201c in eine fantastische Welt, w\u00e4hrend die \u201eFashions\u201c mit ihrem mitrei\u00dfenden Showtanz \u201eEiscream\u201c begeisterten. Die Handwerker vom Tanzgr\u00fcppchen brachten wie gewohnt mit Witz und viel Pr\u00e4zision die Halle zum Toben. Auch musikalisch pr\u00e4sentierte sich der Verein in Bestform. Die CVZ-Rittersleut und das Gesangsduo Hainke und H\u00fcrster \u00fcberzeugten mit stimmungsvollen Liedern. Peter Trapp als Protokoller und Thomas Schuhmacher, beide fest in Zornheim verwurzelt, sorgten mit ihren pointierten Vortr\u00e4gen f\u00fcr viele Lacher und verdienten Applaus. Das kleine Finale leiteten die \u201eHumbas\u201c ein, bevor es nach der Pause mit weiteren Beitr\u00e4gen weiterging. Auch G\u00e4ste wie Oliver Mager, Reni Beck, die Fleischworscht Athlete, Frank Brunswig als Judo Sch\u00fcler und zum Finale die Eisb\u00e4ren trugen ihren Teil zum gelungenen Abend bei.<\/p>\n<\/details>\n\n\n\n<details class=\"wp-block-details\"><summary><mark style=\"background-color:#ff4d4d\" class=\"has-inline-color is-layout-flow wp-block-details-is-layout-flow\">Kindersitzung<\/mark><\/summary>\n<p>Am n\u00e4chsten Tag fand die Kindersitzung statt und bot dem jungen Publikum ein abwechslungsreiches Programm voller Tanz, Musik und Humor. Vier vereinsinterne Tanzgruppen sorgten mit ihren beeindruckenden Auftritten f\u00fcr beste Stimmung: Die CVZ-Zwerge, die Little Diamonds, die Magic Diamonds und die Dancing Diamonds pr\u00e4sentierten ihre T\u00e4nze und Kost\u00fcme und ernteten tosenden Applaus aus dem Publikum. Auch die beiden Zornheimer Kinderg\u00e4rten trugen mit einem liebevoll einstudierten Tanz zur bunten Vielfalt der Sitzung bei. Ein weiteres Highlight war der humorvolle Vortrag von Ben Schl\u00f6sser \u00fcber den Wahlkampf des Sitzungspr\u00e4sidenten, der damit das Publikum zum Lachen brachte. Zudem begeisterten zwei Jugendtanzgruppen aus benachbarten Gemeinden mit ihren Choreografien und das Jugendorchester sorgte f\u00fcr musikalische H\u00f6hepunkte. Durch das kurzweilige Programm f\u00fchrten die Sitzungspr\u00e4sidenten Luc Schl\u00f6sser und Theresa Trapp. Sie wurden tatkr\u00e4ftig unterst\u00fctzt von Sebastian Trapp und Emma Matt, die gemeinsam f\u00fcr einen reibungslosen Ablauf und viele fr\u00f6hliche Momente sorgten. Mit viel Applaus und strahlenden Gesichtern endete die Kindersitzung \u2013 ein gelungener Nachmittag, der allen Beteiligten noch lange in Erinnerung bleiben wird. Das Finale wurde mit allen Akteuren auf der B\u00fchne gefeiert. Die Leitung der Sitzung hatten Sandra Trapp und Thomas Krostewitz. W\u00e4hrend der Sitzung wurde wieder ein reichhaltiges Kuchenbuffett seitens des CVZ angeboten. Die beliebten Gummib\u00e4rchenspie\u00dfe durften dabei nicht fehlen. Hierf\u00fcr geht besonderer Dank an Familie Wald. Auch gab es wieder eine Tombola mit tollen Preisen, die von Petra und Thomas Krostewitz gestiftet wurden.<\/p>\n<\/details>\n\n\n\n<details class=\"wp-block-details\"><summary><mark style=\"background-color:#46aefd\" class=\"has-inline-color is-layout-flow wp-block-details-is-layout-flow\">Weibersitzung<\/mark><\/summary>\n<p>Fast eine Woche sp\u00e4ter startete die CVZ Weibersitzung. Nur weiblichen Zuschauern wurde Zutritt zum Saal gew\u00e4hrt. Als Begr\u00fc\u00dfungstrunk reichte der CVZ seinen Besucherinnen wie jedes Jahr einen Secco. Sitzungspr\u00e4sidentin Sabine F\u00fcrstenberg meisterte die Sitzung wieder mit gro\u00dfer Bravour und Regiemeisterin Yvonne Schl\u00f6sser sorgte f\u00fcr den reibungslosen Ablauf. \u00dcberwiegend vereinsexterne Redner und Gruppen wurden auf die B\u00fchne gelassen, um eine Abwechslung zur Kost\u00fcmsitzung zu bieten, daher war vom CVZ nur das Tanzgr\u00fcppchen auf der Weibersitzung vertreten.<\/p>\n<\/details>\n\n\n\n<details class=\"wp-block-details\"><summary><mark style=\"background-color:#fffc59;color:#111111\" class=\"has-inline-color is-layout-flow wp-block-details-is-layout-flow\">Spass uff de Gass<\/mark><\/summary>\n<p>Am Fastnachtsonntag fuhren wir wieder beim Umzug in S\u00f6rgenloch mit dem Piratenschiffwagen mit und am Fastnachtsdienstag veranstaltete der CVZ seinen n\u00e4rrischen Fr\u00fchschoppen auf dem Lindenplatz. Um 14.11 Uhr fand der Umzug bei super sonnigem Wetter statt. Zahlreiche Gruppen nahmen teil und schl\u00e4ngelten sich durch die Ortsstra\u00dfen. Zugmarschall Mathias Wald lie\u00df den Umzug an der Hahnheimer Stra\u00dfe aufstellen. Alle CVZ-Gruppen, die an den Sitzungen teilnahmen, zeigten sich noch einmal der \u00d6ffentlichkeit. Der CVZ hatte im Lindenplatzhaus wieder eine weitere Ausschankstelle eingerichtet und bewirtete die zahlreichen Besucher, die wegen dem sch\u00f6nen Wetter lieber drau\u00dfen feiern wollten. Um 15.00 Uhr begann der Kindermaskenball, bei dem die Kinder Gelegenheit zum Tanzen bekamen. Wie in den vergangenen Jahren auch, sorgte ein DJ f\u00fcr die richtige Musik zum Fastnachtsausklang und die Besucher tanzten bis in die sp\u00e4ten Abendstunden.<\/p>\n<\/details>\n","protected":false},"excerpt":{"rendered":"<p>Veranstaltungen der Kampagne 2025\/2026 Weitere Termine au\u00dferhalb der Kampagne Veranstaltungen der Kampagne 2024\/2025<\/p>\n","protected":false},"author":2,"featured_media":0,"parent":0,"menu_order":0,"comment_status":"closed","ping_status":"closed","template":"","meta":{"footnotes":""},"class_list":["post-29","page","type-page","status-publish","hentry"],"yoast_head":"<!-- This site is optimized with the Yoast SEO plugin v26.3 - https:\/\/yoast.com\/wordpress\/plugins\/seo\/ -->\n<title>News - Carneval-Verein Zornheim 1931 e.V.<\/title>\n<meta name=\"robots\" content=\"index, follow, max-snippet:-1, max-image-preview:large, max-video-preview:-1\" \/>\n<link rel=\"canonical\" href=\"https:\/\/c-v-z.de\/index.php\/news\/\" \/>\n<meta property=\"og:locale\" content=\"de_DE\" \/>\n<meta property=\"og:type\" content=\"article\" \/>\n<meta property=\"og:title\" content=\"News - Carneval-Verein Zornheim 1931 e.V.\" \/>\n<meta property=\"og:description\" content=\"Veranstaltungen der Kampagne 2025\/2026 Weitere Termine au\u00dferhalb der Kampagne Veranstaltungen der Kampagne 2024\/2025\" \/>\n<meta property=\"og:url\" content=\"https:\/\/c-v-z.de\/index.php\/news\/\" \/>\n<meta property=\"og:site_name\" content=\"Carneval-Verein Zornheim 1931 e.V.\" \/>\n<meta property=\"article:modified_time\" content=\"2026-04-15T08:13:19+00:00\" \/>\n<meta name=\"twitter:card\" content=\"summary_large_image\" \/>\n<meta name=\"twitter:label1\" content=\"Gesch\u00e4tzte Lesezeit\" \/>\n\t<meta name=\"twitter:data1\" content=\"11\u00a0Minuten\" \/>\n<script type=\"application\/ld+json\" class=\"yoast-schema-graph\">{\"@context\":\"https:\/\/schema.org\",\"@graph\":[{\"@type\":\"WebPage\",\"@id\":\"https:\/\/c-v-z.de\/index.php\/news\/\",\"url\":\"https:\/\/c-v-z.de\/index.php\/news\/\",\"name\":\"News - Carneval-Verein Zornheim 1931 e.V.\",\"isPartOf\":{\"@id\":\"https:\/\/c-v-z.de\/#website\"},\"datePublished\":\"2025-10-26T15:41:40+00:00\",\"dateModified\":\"2026-04-15T08:13:19+00:00\",\"breadcrumb\":{\"@id\":\"https:\/\/c-v-z.de\/index.php\/news\/#breadcrumb\"},\"inLanguage\":\"de\",\"potentialAction\":[{\"@type\":\"ReadAction\",\"target\":[\"https:\/\/c-v-z.de\/index.php\/news\/\"]}]},{\"@type\":\"BreadcrumbList\",\"@id\":\"https:\/\/c-v-z.de\/index.php\/news\/#breadcrumb\",\"itemListElement\":[{\"@type\":\"ListItem\",\"position\":1,\"name\":\"Startseite\",\"item\":\"https:\/\/c-v-z.de\/\"},{\"@type\":\"ListItem\",\"position\":2,\"name\":\"News\"}]},{\"@type\":\"WebSite\",\"@id\":\"https:\/\/c-v-z.de\/#website\",\"url\":\"https:\/\/c-v-z.de\/\",\"name\":\"Carneval-Verein Zornheim 1931 e.V.\",\"description\":\"\",\"publisher\":{\"@id\":\"https:\/\/c-v-z.de\/#organization\"},\"potentialAction\":[{\"@type\":\"SearchAction\",\"target\":{\"@type\":\"EntryPoint\",\"urlTemplate\":\"https:\/\/c-v-z.de\/?s={search_term_string}\"},\"query-input\":{\"@type\":\"PropertyValueSpecification\",\"valueRequired\":true,\"valueName\":\"search_term_string\"}}],\"inLanguage\":\"de\"},{\"@type\":\"Organization\",\"@id\":\"https:\/\/c-v-z.de\/#organization\",\"name\":\"Carneval-Verein Zornheim 1931 e.V.\",\"url\":\"https:\/\/c-v-z.de\/\",\"logo\":{\"@type\":\"ImageObject\",\"inLanguage\":\"de\",\"@id\":\"https:\/\/c-v-z.de\/#\/schema\/logo\/image\/\",\"url\":\"https:\/\/c-v-z.de\/wp-content\/uploads\/2025\/10\/Carneval-Verein-Zornheim.png\",\"contentUrl\":\"https:\/\/c-v-z.de\/wp-content\/uploads\/2025\/10\/Carneval-Verein-Zornheim.png\",\"width\":1200,\"height\":1000,\"caption\":\"Carneval-Verein Zornheim 1931 e.V.\"},\"image\":{\"@id\":\"https:\/\/c-v-z.de\/#\/schema\/logo\/image\/\"}}]}<\/script>\n<!-- \/ Yoast SEO plugin. -->","yoast_head_json":{"title":"News - Carneval-Verein Zornheim 1931 e.V.","robots":{"index":"index","follow":"follow","max-snippet":"max-snippet:-1","max-image-preview":"max-image-preview:large","max-video-preview":"max-video-preview:-1"},"canonical":"https:\/\/c-v-z.de\/index.php\/news\/","og_locale":"de_DE","og_type":"article","og_title":"News - Carneval-Verein Zornheim 1931 e.V.","og_description":"Veranstaltungen der Kampagne 2025\/2026 Weitere Termine au\u00dferhalb der Kampagne Veranstaltungen der Kampagne 2024\/2025","og_url":"https:\/\/c-v-z.de\/index.php\/news\/","og_site_name":"Carneval-Verein Zornheim 1931 e.V.","article_modified_time":"2026-04-15T08:13:19+00:00","twitter_card":"summary_large_image","twitter_misc":{"Gesch\u00e4tzte Lesezeit":"11\u00a0Minuten"},"schema":{"@context":"https:\/\/schema.org","@graph":[{"@type":"WebPage","@id":"https:\/\/c-v-z.de\/index.php\/news\/","url":"https:\/\/c-v-z.de\/index.php\/news\/","name":"News - Carneval-Verein Zornheim 1931 e.V.","isPartOf":{"@id":"https:\/\/c-v-z.de\/#website"},"datePublished":"2025-10-26T15:41:40+00:00","dateModified":"2026-04-15T08:13:19+00:00","breadcrumb":{"@id":"https:\/\/c-v-z.de\/index.php\/news\/#breadcrumb"},"inLanguage":"de","potentialAction":[{"@type":"ReadAction","target":["https:\/\/c-v-z.de\/index.php\/news\/"]}]},{"@type":"BreadcrumbList","@id":"https:\/\/c-v-z.de\/index.php\/news\/#breadcrumb","itemListElement":[{"@type":"ListItem","position":1,"name":"Startseite","item":"https:\/\/c-v-z.de\/"},{"@type":"ListItem","position":2,"name":"News"}]},{"@type":"WebSite","@id":"https:\/\/c-v-z.de\/#website","url":"https:\/\/c-v-z.de\/","name":"Carneval-Verein Zornheim 1931 e.V.","description":"","publisher":{"@id":"https:\/\/c-v-z.de\/#organization"},"potentialAction":[{"@type":"SearchAction","target":{"@type":"EntryPoint","urlTemplate":"https:\/\/c-v-z.de\/?s={search_term_string}"},"query-input":{"@type":"PropertyValueSpecification","valueRequired":true,"valueName":"search_term_string"}}],"inLanguage":"de"},{"@type":"Organization","@id":"https:\/\/c-v-z.de\/#organization","name":"Carneval-Verein Zornheim 1931 e.V.","url":"https:\/\/c-v-z.de\/","logo":{"@type":"ImageObject","inLanguage":"de","@id":"https:\/\/c-v-z.de\/#\/schema\/logo\/image\/","url":"https:\/\/c-v-z.de\/wp-content\/uploads\/2025\/10\/Carneval-Verein-Zornheim.png","contentUrl":"https:\/\/c-v-z.de\/wp-content\/uploads\/2025\/10\/Carneval-Verein-Zornheim.png","width":1200,"height":1000,"caption":"Carneval-Verein Zornheim 1931 e.V."},"image":{"@id":"https:\/\/c-v-z.de\/#\/schema\/logo\/image\/"}}]}},"_links":{"self":[{"href":"https:\/\/c-v-z.de\/index.php\/wp-json\/wp\/v2\/pages\/29","targetHints":{"allow":["GET"]}}],"collection":[{"href":"https:\/\/c-v-z.de\/index.php\/wp-json\/wp\/v2\/pages"}],"about":[{"href":"https:\/\/c-v-z.de\/index.php\/wp-json\/wp\/v2\/types\/page"}],"author":[{"embeddable":true,"href":"https:\/\/c-v-z.de\/index.php\/wp-json\/wp\/v2\/users\/2"}],"replies":[{"embeddable":true,"href":"https:\/\/c-v-z.de\/index.php\/wp-json\/wp\/v2\/comments?post=29"}],"version-history":[{"count":18,"href":"https:\/\/c-v-z.de\/index.php\/wp-json\/wp\/v2\/pages\/29\/revisions"}],"predecessor-version":[{"id":257,"href":"https:\/\/c-v-z.de\/index.php\/wp-json\/wp\/v2\/pages\/29\/revisions\/257"}],"wp:attachment":[{"href":"https:\/\/c-v-z.de\/index.php\/wp-json\/wp\/v2\/media?parent=29"}],"curies":[{"name":"wp","href":"https:\/\/api.w.org\/{rel}","templated":true}]}}